- -721. Is f prime?
False
Suppose 4*u - k - 23 = 0, 4*k + 17 = -u + 2*u. Let d = -5 + u. Is (-51)/(-1) + (2 - d) composite?
False
Suppose -2468 = 4*j + 2292. Let a = 2583 + j. Is a prime?
False
Let r = 32 + 65. Suppose 2*t = r + 61. Is t prime?
True
Let f = 3 - -15. Suppose 4*l + 5*a - f = 0, a - 3*a = -l + 11. Is l prime?
True
Let z = 5 - 0. Suppose 2*b - 258 = -4*s, 3*b + 10 + z = 0. Is s a prime number?
True
Let s(n) = -n**2 - 16*n - 5. Let u(b) = -b**2 - 4*b + 5. Let i be u(-6). Is s(i) prime?
False
Let c = 7091 + 704. Is c a composite number?
True
Let g(b) = 7*b**2 + 7 + 6*b - 16 + 7. Is g(-5) a prime number?
False
Is (-3)/21 + (-6528)/(-28) composite?
False
Let a(t) = -3*t**2 - 4*t - 2. Let i be a(-2). Let d = 10 + i. Suppose -m + d*m = 111. Is m a prime number?
True
Is (-1149)/(-21) + 8/28 a composite number?
True
Let o(b) = b - 10. Let s be o(5). Let k(c) = 8*c**2 + 8*c - 3. Is k(s) prime?
True
Let f(u) = -u**2 + 6*u - 5. Let c be f(4). Let l be (-54)/4*4/c. Is 1522/12 - 3/l a prime number?
True
Let r = -1658 - -3472. Is r a prime number?
False
Let f(y) = -y**2 + 2*y + 1115. Is f(0) composite?
True
Suppose 2*k + 8516 = 6*k. Is k a composite number?
False
Suppose 2*o - 1500 = -o + 3*g, 0 = g + 4. Suppose -4*n - o + 2516 = 0. Is n prime?
False
Let o(w) = 3*w**2 + 6*w - 29. Is o(-18) composite?
True
Let g be (2 - 4)/2*4. Let k = g + 4. Suppose k = 3*n - 116 - 25. Is n a composite number?
False
Let b = -128 - -205. Is b a composite number?
True
Let w = -3 + -1. Is 189/6 - (-2)/w a prime number?
True
Let q = -1 + 1. Suppose 4*y + 4*w = 1048, q = -y - 3*y + 4*w + 1072. Is y a composite number?
True
Suppose -3*r = 15, -5*r = -5*a + 17 + 23. Suppose i - 4*i = 3*l - 42, a = i. Is l composite?
False
Suppose 2*q + 2 + 0 = 0. Is 10*-2*q/2 a composite number?
True
Let j = 260 + -151. Suppose -m + 2 = -j. Is m a prime number?
False
Is (-744)/(-20) + (-2)/10 prime?
True
Suppose 4*s + 9390 = 3430. Is s/(-8) - 3/(-4) a prime number?
False
Let k(i) = 10*i**2 - 22*i - 17. Is k(-21) a composite number?
True
Let q = -8 + 17. Suppose -4*m - 5*k = -q*m + 870, 4*m - 5*k - 692 = 0. Is m composite?
True
Let i = 633 + -42. Is i a prime number?
False
Let k(o) = -7*o + 2. Let l be 6/12 - 14/4. Is k(l) composite?
False
Let q be (-1)/5 - (-32)/10. Is ((-15)/9)/(q/(-63)) a prime number?
False
Is (-55290)/(-18) + 6/(-9) a composite number?
True
Suppose 0 = -2*g + 4. Suppose g*s + v + 1 = 2, -s + 3 = 3*v. Suppose 4*c + w - 40 = 0, -2*c + 20 = -s*c - 2*w. Is c a composite number?
True
Let i(x) = 7*x**3 + x**2 - x + 1. Let o be i(1). Let v = o - 1. Is v a prime number?
True
Let i = 589 - 258. Is i a composite number?
False
Let r(c) = 8*c**2 - 13*c + 4. Is r(6) a prime number?
False
Let b(m) = 4*m**2 - 32*m - 19. Is b(16) prime?
False
Suppose 0 = -2*k - 0*k + 6. Let f(g) = -4*g + 4 - k*g + 0*g. Is f(-7) composite?
False
Let x(w) = -1. Let z(j) = -2*j - 10. Let r(i) = -5*x(i) + z(i). Let f = 16 + -22. Is r(f) prime?
True
Let v = 531 - -15. Suppose 5*l - 64 = v. Is l composite?
True
Let g = -338 - -523. Suppose 0 = -9*m + 4*m + g. Is m composite?
False
Let n = 62 + -36. Is n*((-1)/(-2) - 0) a composite number?
False
Let l(x) = x**2 + 9*x + 4. Is l(-10) composite?
True
Let o(b) = -2*b**3 - 8*b**2 - 8*b + 7. Let c(j) = j**3 + j**2 - 1. Let x(u) = 3*c(u) + o(u). Let m be x(6). Let r(i) = -11*i - 9. Is r(m) a composite number?
False
Let t(w) = -78*w - 1. Is t(-1) prime?
False
Let f(p) be the third derivative of 19*p**4/24 - p**3/2 - 2*p**2. Is f(8) a composite number?
False
Let r be (-2)/(-6) - 44/(-3). Let s = r - -18. Is s a prime number?
False
Let o(n) = -50*n + 15. Is o(-5) a prime number?
False
Suppose x = -2*u + 6, u + 0*u = 3*x - 11. Suppose 0 = -0*z + x*z. Suppose -4*b + 5*r + 89 = z, -5*b + 49 = -4*r - 69. Is b composite?
True
Suppose -m + 664 = 2*j - 282, 0 = 4*j - 3*m - 1892. Is j a composite number?
True
Suppose -10 = -5*t - 0. Suppose 0 = -k + 5 - t. Suppose -1085 = k*g - 8*g. Is g prime?
False
Let c = -477 + 746. Is c a prime number?
True
Suppose -15 = 5*r - 4*c, -2*c + 2 - 5 = r. Let o be 16/3 + r/9. Is (0 - -1)/(o/35) a composite number?
False
Let t = 25 - 15. Suppose -2*j = 3*j + t, -5*w - 3*j + 769 = 0. Is w a composite number?
True
Suppose 0 = 6*g - 6599 + 1157. Is g prime?
True
Suppose 3*l - 17 = 7. Is -2*12/l - -214 a prime number?
True
Let f be (-46)/(-10) - (-9)/(-15). Suppose -m - 15 = -r, f*r + 5*m - m = 20. Is r a composite number?
True
Suppose 3*w - w = 2*u, w = -3*u + 8. Suppose -4*y - 4*n = -128, -u*y + 3*n = -2*n - 71. Is y composite?
True
Let k = -5 + 15. Let a(m) = -11*m - 10 + k. Is a(-5) prime?
False
Let k = 379 + -155. Suppose -4*w + 5*u = 368, 158 + 52 = -2*w - 4*u. Let t = w + k. Is t prime?
True
Let y be (-3)/(9/(-6)) + -44. Let u = y - -3. Is (-1)/2 + u/(-2) composite?
False
Is 3*1 + (37 - 5) a composite number?
True
Is (-5)/(20/(-884)) + -4 composite?
True
Let s(j) = 260*j**3 - j**2 + 4*j - 4. Is s(1) a prime number?
False
Suppose 4*r - 4*y + 126 = -210, 0 = -3*y + 15. Let f = 46 + r. Is (f/12)/(1/(-28)) composite?
True
Suppose -5*y - 4*x = -399, -y = -0*y - 5*x - 103. Is y composite?
False
Let l = 32 - 21. Suppose 4*s - l = -y, 0*s + 62 = 4*y - 2*s. Is y prime?
False
Let u(m) = 3*m**3 - 4*m**2 - 6*m - 16. Is u(11) prime?
False
Let a(z) = 3*z + 17. Let v(j) = -7*j - 33. Let c(x) = 5*a(x) + 2*v(x). Let t = 13 + -13. Is c(t) composite?
False
Suppose 13*f - 1865 = 2282. Is f composite?
True
Let u(t) = 7*t**3 - 4*t**2 + 2*t. Let b = 5 - 3. Let a be u(b). Let k = -25 + a. Is k a composite number?
False
Suppose 2*s + 21 = 1. Let a = 31 + s. Suppose -2*n + 259 = a. Is n a composite number?
True
Let a = -490 + 825. Suppose -2*v = 3*v - a. Is v composite?
False
Suppose -8 = q - 2*x - 0, -14 = -2*q - 2*x. Let g(m) = 5*m. Is g(q) prime?
False
Suppose 326 = x - 147. Is x a prime number?
False
Let d = 1201 + -614. Is d composite?
False
Suppose -r + 0*r = 0, 1194 = w + 5*r. Is w/(-4)*(-6)/9 composite?
False
Let i = -780 + 1993. Is i composite?
False
Suppose 3*l = -2*l - 30. Suppose 0 = -4*m + c + 8, 0*m + 23 = m + 5*c. Is (-2)/l + 110/m a prime number?
True
Let x be -4*-1*3/6. Let o be ((x - 1) + -2)*-2. Is 35*(14/(-10) + o) a composite number?
True
Let c = -783 - -3314. Is c composite?
False
Let d(i) = i**2 + 52*i + 53. Is d(27) prime?
False
Let a be ((-12)/5)/(12/(-30)). Let j(i) = i - 2. Let p be j(a). Suppose 4*g - 4*v = 480, p*g - 372 = -2*v + 78. Is g a prime number?
False
Let r = 106 - 34. Suppose -i + 3*l + r = 0, -2*i + 5*l - 64 = -3*i. Is i a prime number?
False
Let s be (-2)/3*(37 + -1). Is 8 + -3 - 3 - s a composite number?
True
Let c(f) = 3*f**2 - 25*f - 19. Is c(24) a prime number?
True
Suppose u + u - 6 = 0. Suppose 3*g - 5*k = -0*g + 52, 4*k + 53 = u*g. Suppose 0 = 4*y + 3*z + 1, 3*z = 5*y - g. Is y a prime number?
True
Suppose -3*j - j = -20. Suppose j*v - 3 + 54 = 4*h, 5*v - 5*h = -50. Let r = 18 + v. Is r a composite number?
False
Suppose -4*o + 2*h = -3*h - 212, -h = 0. Is o a prime number?
True
Suppose 4*b - 5 = 3*h + 3*b, 3*h - 3 = -3*b. Let l be h/3*(-1 + 1). Suppose -r + 22 + 1 = l. Is r composite?
False
Let j = -80 - -303. Is j a composite number?
False
Suppose -5*f + 2 + 783 = 0. Is f composite?
False
Let w be -3*1 - (-180)/2. Is w*2*(-21)/(-18) composite?
True
Let a = 12 - 10. Suppose -1695 = a*t - 7*t. Is t prime?
False
Suppose -5*v - 1 = 2*o, 0 = 2*v + 2*v + 2*o. Let c be (-2)/(-9) + 21/27. Is (v/c)/(1/(-47)) composite?
False
Suppose -4*p + 1175 = 3*h - 3*p, -4*h + 1556 = 4*p. Is h a prime number?
False
Let i(y) = -7*y**3 + 7*y - 1. Is i(-5) composite?
False
Suppose 0 = 2*s - 463 + 3. Let i = s - 144. Suppose v + 27 - i = 0. Is v prime?
True
Let q(c) = -3*c**3 + 8*c**2 + 14*c + 67. Let g(b) = b**3 - 3*b**2 - 5*b - 22. Let s(p) = 11*g(p) + 4*q(p). Let x be s(0). Suppose 2*n = n + x. Is n prime?
False
Let v(k) = 70*k + 1. Is v(1) a composite number?
False
Suppose 3 = -3*c + 4*l - 5, -l + 17 = 3*c. Is 2 - (c - 2) - -145 a composite number?
True
Let b(k) be the third derivative of 3*k**2 + 13/15*k**5 + 0 + 0*k**3 + 1/24*k**4 + 0*k. Is b(1) a prime number?
True
Suppose -f + 2*d + 11 + 0 = 0, 4*f = d + 23. Suppose -5*c = -4*a + 1144, 3*a - 548 - 310 = c. Suppose -f*b = g - a, 56 = b - 0*b - g. Is b composite?
True
Let t = -3